{"id":15,"date":"2016-03-19T21:12:59","date_gmt":"2016-03-19T20:12:59","guid":{"rendered":"http:\/\/www.larimaquoi.fr\/?page_id=15"},"modified":"2024-02-01T16:41:08","modified_gmt":"2024-02-01T15:41:08","slug":"biennale-2013","status":"publish","type":"page","link":"https:\/\/www.larimaquoi.fr\/index.php\/biennale-2013\/","title":{"rendered":"Biennale"},"content":{"rendered":"<header id=\"article-header\">\n<h5>https:\/\/actu.fr\/normandie\/saint-lo_50502\/biennale-lecture-voix-haute-saint-lo-6-groupes-normands-rendez-vous_28135860.html<\/h5>\n<h2 class=\"post-title\">Biennale de lecture \u00e0 voix haute \u00e0 Saint-L\u00f4 : 6 groupes normands au rendez-vous<\/h2>\n<h3 class=\"post-chapo\">Samedi 12 et dimanche 13 octobre 2019, Lire \u00e0 Saint-L\u00f4 et les Haut-Parleurs organisent la biennale de lecture \u00e0 voix haute. Un rendez-vous qui se d\u00e9roulera dans la nouvelle m\u00e9diath\u00e8que.<\/h3>\n<div class=\"post-metas\"><time datetime=\"2019-10-03T09:14:30+02:00\"><i class=\"fa fa-clock-o mrxs\"><\/i>Publi\u00e9 le 3 Oct 19 \u00e0 11:14<\/time><\/div>\n<\/header>\n<div id=\"post-content\">\n<figure id=\"attachment_28136343\" class=\"wp-caption alignnone\" style=\"width: 456px;\" aria-describedby=\"caption-attachment-28136343\"><img decoding=\"async\" loading=\"lazy\" class=\" wp-image-28136343\" src=\"https:\/\/static.actu.fr\/uploads\/2019\/10\/biennale-lecture-854x641.jpg\" sizes=\"(max-width: 800px) 100vw, 800px\" srcset=\"https:\/\/static.actu.fr\/uploads\/2019\/10\/biennale-lecture-854x641.jpg 854w, https:\/\/static.actu.fr\/uploads\/2019\/10\/biennale-lecture-300x225.jpg 300w, https:\/\/static.actu.fr\/uploads\/2019\/10\/biennale-lecture-768x576.jpg 768w, https:\/\/static.actu.fr\/uploads\/2019\/10\/biennale-lecture-780x585.jpg 780w, https:\/\/static.actu.fr\/uploads\/2019\/10\/biennale-lecture-500x375.jpg 500w\" alt=\"Une partie du groupe des Haut-Parleurs, avec Jean Hamel, Anne-Violaine Pagenel, Pascale Navet et Sylvie Vauttier. Ils participeront \u00e0 la biennale de lecture \u00e0 voix haute organis\u00e9e par l'association Lire \u00e0 Saint-L\u00f4 les 12 et 13 octobre 2019.\" width=\"456\" height=\"342\" \/><figcaption id=\"caption-attachment-28136343\" class=\"wp-caption-text\">Une partie du groupe des Haut-Parleurs, avec Jean Hamel, Anne-Violaine Pagenel, Pascale Navet et Sylvie Vauttier. Ils participeront \u00e0 la biennale de lecture \u00e0 voix haute organis\u00e9e par l\u2019association Lire \u00e0 Saint-L\u00f4 les 12 et 13 octobre 2019.\u00a0<span class=\"copyright\">(\u00a9H\u00e9l\u00e8ne Perraudeau \u2013 C\u00f4t\u00e9 Manche.)<\/span><\/figcaption><\/figure>\n<p>La lecture, ils aiment. Mais ce qu\u2019ils appr\u00e9cient encore plus, c\u2019est de la partager, \u00e0 voix haute, avec un public. Voil\u00e0 15 ans que les\u00a0<strong>Haut-Parleurs<\/strong>\u00a0de Saint-L\u00f4 travaillent ensemble, avec l\u2019aide de plusieurs com\u00e9diens professionnels, dont le Manchois<a href=\"https:\/\/www.lesembuscades.fr\/programmation\/embuscalivres-2019\/marc-fremond\/\">\u00a0Marc Fr\u00e9mond.<\/a>\u00a0Anne-Violaine Pagenel, pr\u00e9sidente de l\u2019association<a href=\"https:\/\/lireasaintlo.jimdo.com\/\">\u00a0Lire \u00e0 Saint-L\u00f4<\/a>\u00a0et membre des Haut-Parleurs d\u00e9taille :<\/p>\n<blockquote><p>Nous sommes une vingtaine \u00e0 pratiquer ces lectures \u00e0 voix haute qui permettent de d\u00e9couvrir ou de red\u00e9couvrir des textes autrement.<\/p><\/blockquote>\n<p>Vous n\u2019avez encore jamais assist\u00e9 \u00e0 une lecture \u00e0 voix haute ? Les samedi 12 et dimanche 13 octobre, vous pourrez vous rattraper \u00e0 l\u2019occasion de la biennale de lecture \u00e0 voix haute, organis\u00e9e dans la\u00a0<strong>nouvelle m\u00e9diath\u00e8que de Saint-L\u00f4.<\/strong>\u00a0\u00ab C\u2019est la 3<sup>e<\/sup>\u00a0fois qu\u2019elle se d\u00e9roule \u00e0 Saint-L\u00f4, souligne Pascale Navet, directrice de la m\u00e9diath\u00e8que. Nous alternons avec la m\u00e9diath\u00e8que d\u2019H\u00e9rouville, dans le Calvados. \u00bb<\/p>\n<div id=\"Inread_2\" class=\"inread\" data-dfp=\"\/258492779\/Actu.fr\/article_Inread_2\"><\/div>\n<p>Pour l\u2019occasion,\u00a0<strong>six groupes de lecteurs \u00e0 voix haute issus de la Normandie, <\/strong>\u00a0seront pr\u00e9sents : Larimaquoi d\u2019H\u00e9rouville, Lire de plaisir d\u2019Equeurdreville, les amis de la biblioth\u00e8que d\u2019Avranches, Plus ou moins treize de Rouen, Vocalises de Cherbourg et, bien-s\u00fbr, Les Haut-Parleurs, de Saint-L\u00f4. Soit une quarantaine de lecteurs.<\/p>\n<h1><\/h1>\n<\/div>\n<hr \/>\n<h3>Nous avons organis\u00e9\u00a0une nouvelle \u00a0biennale de lecture \u00e0 haute voix \u00a0fin\u00a0\u00a0<span style=\"color: #ff0000;\">janvier 2017<\/span>. Les\u00a0<strong><span style=\"color: #800080;\">28 et 29<\/span> <span style=\"color: #800080;\">janvier 2017 <\/span><\/strong>\u00a0\u00e0 H\u00e9rouville St Clair, diff\u00e9rentes lectures ont \u00e9t\u00e9 faites<\/h3>\n<h2 style=\"text-align: center;\"><span style=\"color: #de4a43;\"><em>\u00ab M\u00e9tamorphose de soi, m\u00e9tamorphose du monde\u00bb\u00a0<img decoding=\"async\" loading=\"lazy\" class=\"alignnone wp-image-171\" src=\"https:\/\/www.larimaquoi.fr\/wp-content\/uploads\/2016\/03\/Capture-300x300.png\" alt=\"\" width=\"203\" height=\"203\" srcset=\"https:\/\/www.larimaquoi.fr\/wp-content\/uploads\/2016\/03\/Capture-300x300.png 300w, https:\/\/www.larimaquoi.fr\/wp-content\/uploads\/2016\/03\/Capture-150x150.png 150w, https:\/\/www.larimaquoi.fr\/wp-content\/uploads\/2016\/03\/Capture.png 358w\" sizes=\"(max-width: 203px) 100vw, 203px\" \/><\/em><\/span><\/h2>\n<p style=\"text-align: center;\"><span style=\"color: #910a0a;\">le programme d\u00e9taill\u00e9 est disponible\u00a0<a style=\"color: #910a0a;\" href=\"https:\/\/www.larimaquoi.fr\/wp-content\/uploads\/2016\/03\/201_Larimaquoi_5volets_BAT3.pdf\">ici<\/a><\/span><\/p>\n<p>Les associations de liseurs \u00e0 haute-voix de Normandie\u00a0: Les Haut-Parleurs de St-L\u00f4, Voca&rsquo;lise (Cherbourg), le groupe d&rsquo;Equeurdreville \u00a0nous \u00a0ont rejoints pour un temps de travail commun (le samedi apr\u00e8s-midi, anim\u00e9 par Franck Achard, Malika Labrume et Herv\u00e9 Rou\u00e9) et pour vous pr\u00e9senter des lectures le <span style=\"color: #0000ff;\">dimanche apr\u00e8s-midi<\/span>, dans 3 lieux diff\u00e9rents \u00e0 H\u00e9rouville St Clair (PAJ Pole Animation Jeunesse, Restaurant du Caf\u00e9 des Images et Biblioth\u00e8que). Le \u00a0fruit du travail du samedi a clos chaque moment de lecture de ce dimanche. De m\u00eame, un groupe du Coll\u00e8ge Lyc\u00e9e Exp\u00e9rimental et un autre du Coll\u00e8ge Mandela, avec qui nous avions travaill\u00e9 \u00a0pendant 1 mois et demi, se sont joints \u00e0 ces lectures.<\/p>\n<p>4 groupes de jeunes s&rsquo;\u00e9taient \u00a0lanc\u00e9s dans un travail de lecture \u00e0 haute voix durant \u00a03 \u00e0 6 s\u00e9ances, aid\u00e9s par une com\u00e9dienne : des \u00e9l\u00e8ves \u00a0du Coll\u00e8ge Mandela, des jeunes de l&rsquo;Institut d&rsquo;Education Motrice et des jeunes du FJT, sous la houlette de Malika Labrume, com\u00e9dienne professionnelle, accompagn\u00e9e de 3 membres de Larimaquoi. Un groupe de coll\u00e9giens et lyc\u00e9ens du Coll\u00e8ge Lyc\u00e9e Exp\u00e9rimental, a \u00e9t\u00e9 men\u00e9 par \u00a03 liseurs de notre association dont Chantal Charpentier qui pratique le th\u00e9\u00e2tre en amateur depuis longtemps et \u00a0assure actuellement les cours de th\u00e9\u00e2tre \u00e0 l&rsquo;universit\u00e9 inter-\u00e2ge.<\/p>\n<p>Le<span style=\"color: #0000ff;\"> dimanche matin \u00e0 partir de 10h<\/span>, en partenariat avec la <em>biblioth\u00e8que d&rsquo;H\u00e9rouville St Clair<\/em>, <strong>Guy Abgrall,<\/strong> com\u00e9dien et maintenant habitu\u00e9 du festival Les Bor\u00e9ales, est venu, pour notre plus grand plaisir, nous lire de larges extraits \u00a0de \u00ab\u00a0La m\u00e9tamorphose\u00a0\u00bb de Franz Kafka .<\/p>\n<div id=\"attachment_185\" style=\"width: 197px\" class=\"wp-caption aligncenter\"><img aria-describedby=\"caption-attachment-185\" decoding=\"async\" loading=\"lazy\" class=\" wp-image-185\" src=\"https:\/\/www.larimaquoi.fr\/wp-content\/uploads\/2016\/03\/DSCN3488-e1488738906432-225x300.jpg\" alt=\"\" width=\"187\" height=\"250\" srcset=\"https:\/\/www.larimaquoi.fr\/wp-content\/uploads\/2016\/03\/DSCN3488-e1488738906432-225x300.jpg 225w, https:\/\/www.larimaquoi.fr\/wp-content\/uploads\/2016\/03\/DSCN3488-e1488738906432-768x1024.jpg 768w, https:\/\/www.larimaquoi.fr\/wp-content\/uploads\/2016\/03\/DSCN3488-e1488738906432.jpg 1536w\" sizes=\"(max-width: 187px) 100vw, 187px\" \/><p id=\"caption-attachment-185\" class=\"wp-caption-text\">Guy Abgrall<\/p><\/div>\n<h2 style=\"text-align: center;\"><\/h2>\n<p>Toujours avec et \u00e0 la biblioth\u00e8que, \u00a0le <span style=\"color: #3366ff;\">mardi 24 janvier<\/span> \u00a0\u00e0 partir de <span style=\"color: #3366ff;\">18 h,<span style=\"color: #000000;\">\u00a0nous avons rencontr\u00e9 <strong>H\u00e9l\u00e8ne Balcer,<\/strong> illustratrice et\u00a0<strong>Franck Achard,<\/strong> auteur de \u00ab\u00a0la fille kangourou\u00a0\u00bb dont des extraits ont \u00e9t\u00e9 lus par un groupe de jeunes du FJT \u00a0entour\u00e9s de quelques membres de Larimaquoi.\u00a0<\/span><\/span><\/p>\n<p><img decoding=\"async\" loading=\"lazy\" class=\"aligncenter wp-image-160\" src=\"https:\/\/www.larimaquoi.fr\/wp-content\/uploads\/2016\/03\/affiche-larimaquoi-1-724x1024.jpg\" width=\"401\" height=\"567\" srcset=\"https:\/\/www.larimaquoi.fr\/wp-content\/uploads\/2016\/03\/affiche-larimaquoi-1-724x1024.jpg 724w, https:\/\/www.larimaquoi.fr\/wp-content\/uploads\/2016\/03\/affiche-larimaquoi-1-212x300.jpg 212w, https:\/\/www.larimaquoi.fr\/wp-content\/uploads\/2016\/03\/affiche-larimaquoi-1-768x1086.jpg 768w, https:\/\/www.larimaquoi.fr\/wp-content\/uploads\/2016\/03\/affiche-larimaquoi-1.jpg 1754w\" sizes=\"(max-width: 401px) 100vw, 401px\" \/><\/p>\n<p>___________________________________________________________<\/p>\n<p><img decoding=\"async\" loading=\"lazy\" class=\"alignnone wp-image-189 size-full\" src=\"https:\/\/www.larimaquoi.fr\/wp-content\/uploads\/2016\/03\/3-photos-dimanche.jpg\" alt=\"\" width=\"779\" height=\"832\" srcset=\"https:\/\/www.larimaquoi.fr\/wp-content\/uploads\/2016\/03\/3-photos-dimanche.jpg 779w, https:\/\/www.larimaquoi.fr\/wp-content\/uploads\/2016\/03\/3-photos-dimanche-281x300.jpg 281w, https:\/\/www.larimaquoi.fr\/wp-content\/uploads\/2016\/03\/3-photos-dimanche-768x820.jpg 768w\" sizes=\"(max-width: 779px) 100vw, 779px\" \/><\/p>\n<hr \/>\n<p>Les <strong>30 et 31\u00a0janvier 2015<\/strong>, les Hauts- Parleurs, groupe de St-L\u00f4 (50) ont organis\u00e9 la rencontre des associations de liseurs de Basse-Normandie.<\/p>\n<div id=\"attachment_31\" style=\"width: 296px\" class=\"wp-caption aligncenter\"><img aria-describedby=\"caption-attachment-31\" decoding=\"async\" loading=\"lazy\" class=\"wp-image-31 \" src=\"https:\/\/www.larimaquoi.fr\/wp-content\/uploads\/2016\/03\/Lire-\u00e0-Saint-L\u00f4-8021-001-300x200.jpg\" alt=\"\" width=\"286\" height=\"190\" srcset=\"https:\/\/www.larimaquoi.fr\/wp-content\/uploads\/2016\/03\/Lire-\u00e0-Saint-L\u00f4-8021-001-300x200.jpg 300w, https:\/\/www.larimaquoi.fr\/wp-content\/uploads\/2016\/03\/Lire-\u00e0-Saint-L\u00f4-8021-001-768x512.jpg 768w, https:\/\/www.larimaquoi.fr\/wp-content\/uploads\/2016\/03\/Lire-\u00e0-Saint-L\u00f4-8021-001.jpg 963w\" sizes=\"(max-width: 286px) 100vw, 286px\" \/><p id=\"caption-attachment-31\" class=\"wp-caption-text\">Les Haut-Parleurs<\/p><\/div>\n<p><img decoding=\"async\" loading=\"lazy\" class=\"alignnone wp-image-104 size-full\" src=\"https:\/\/www.larimaquoi.fr\/wp-content\/uploads\/2016\/03\/St-Lo-2015.jpg\" alt=\"St Lo 2015\" width=\"625\" height=\"241\" srcset=\"https:\/\/www.larimaquoi.fr\/wp-content\/uploads\/2016\/03\/St-Lo-2015.jpg 625w, https:\/\/www.larimaquoi.fr\/wp-content\/uploads\/2016\/03\/St-Lo-2015-300x116.jpg 300w\" sizes=\"(max-width: 625px) 100vw, 625px\" \/><\/p>\n<p>_____________________________________________________________<\/p>\n<p>Pour la seconde fois, <strong>en janvier 2013<\/strong> , \u00a0Larimaquoi a organis\u00e9 une <strong>manifestation \u00a0de lecture \u00e0 haute voix<\/strong> regroupant diff\u00e9rents groupes de liseurs. Le th\u00e8me des textes \u00e9tait <em>\u00ab\u00a0le temps devant soi\u00a0\u00bb<\/em><\/p>\n<p><a href=\"https:\/\/www.larimaquoi.fr\/wp-content\/uploads\/2016\/03\/article-binenale-2013.bmp\" rel=\"attachment wp-att-16\"><img decoding=\"async\" loading=\"lazy\" class=\"aligncenter wp-image-16 size-full\" src=\"https:\/\/www.larimaquoi.fr\/wp-content\/uploads\/2016\/03\/article-binenale-2013.bmp\" alt=\"Ouest France \" width=\"960\" height=\"731\" \/><\/a><\/p>\n<h4>http:\/\/www.ouest-france.fr\/normandie\/caen-14000\/dimanche-nouvelle-biennale-de-lecture-avec-larimaquoi-937603<\/h4>\n<h3><strong>Jean-Luc SEIGLE<\/strong>, parrain de la manifestation, a r\u00e9uni de nombreux lecteurs le dimanche matin \u00e0 la biblioth\u00e8que d&rsquo;Herouville St Clair. Cet auteur a re\u00e7u le prix \u00a0lyc\u00e9en de la ville de Caen ce 18 mars 2016 \u00a0pour son roman \u00ab\u00a0Je vous \u00e9cris dans le noir\u00a0\u00bb Ed Flammarion. \u00a0(voir un entretien avec le lien ci-dessous)<\/h3>\n<h4>\u00a0https:\/\/www.youtube.com\/watch?v=UkYPwPXKNmQ#action=share \u00a0et \u00a0\u00a0http:\/\/france3-regions.francetvinfo.fr\/basse-normandie\/calvados\/caen-la-mer\/caen\/jean-luc-seigle-remporte-le-prix-litteraire-lyceen-de-la-ville-de-caen-954949.html#xtor=EPR-521-[france3regions]-20160318-[info-bouton1]<\/h4>\n<h3>\u00a0__________________________________________________________<\/h3>\n<p><span style=\"color: #333333;\">Les Haut-Parleurs \u00a0nous invitent \u00a0les \u00a0<strong>19 et 20 f\u00e9vrier 2011<\/strong> au Festival de lecture \u00e0 voix haute \u00e0 St-L\u00f4 (50)\u00a0<\/span><\/p>\n<p>______________________________________________________________<\/p>\n<hr \/>\n<h3>Pour f\u00eater ses <strong>10 ans d&rsquo;existence<\/strong>, Larimaquoi \u00a0organise sa premi\u00e8re biennale \u00a0les 23 et 24 janvier <strong>2010.\u00a0<\/strong>Les textes lus entraient dans\u00a0le th\u00e8me de <em>\u00ab\u00a0Mati\u00e8re \u00e0 rire\u00a0\u00bb.<\/em><\/h3>\n<p><img decoding=\"async\" loading=\"lazy\" class=\"alignnone wp-image-42 size-large\" src=\"https:\/\/www.larimaquoi.fr\/wp-content\/uploads\/2016\/03\/ouest-France-26-01-2010d-878x1024.jpg\" alt=\"ouest-France 26-01-2010d\" width=\"640\" height=\"746\" srcset=\"https:\/\/www.larimaquoi.fr\/wp-content\/uploads\/2016\/03\/ouest-France-26-01-2010d-878x1024.jpg 878w, https:\/\/www.larimaquoi.fr\/wp-content\/uploads\/2016\/03\/ouest-France-26-01-2010d-257x300.jpg 257w, https:\/\/www.larimaquoi.fr\/wp-content\/uploads\/2016\/03\/ouest-France-26-01-2010d-768x896.jpg 768w, https:\/\/www.larimaquoi.fr\/wp-content\/uploads\/2016\/03\/ouest-France-26-01-2010d.jpg 1272w\" sizes=\"(max-width: 640px) 100vw, 640px\" \/><\/p>\n","protected":false},"excerpt":{"rendered":"<p>https:\/\/actu.fr\/normandie\/saint-lo_50502\/biennale-lecture-voix-haute-saint-lo-6-groupes-normands-rendez-vous_28135860.html Biennale de lecture \u00e0 voix haute \u00e0 Saint-L\u00f4 : 6 groupes normands au rendez-vous Samedi 12 et dimanche 13 octobre 2019, Lire \u00e0 Saint-L\u00f4 et les Haut-Parleurs organisent la biennale de lecture \u00e0 voix haute. Un rendez-vous qui se &hellip; <a href=\"https:\/\/www.larimaquoi.fr\/index.php\/biennale-2013\/\">Continuer la lecture <span class=\"meta-nav\">&rarr;<\/span><\/a><\/p>\n","protected":false},"author":1,"featured_media":16,"parent":0,"menu_order":0,"comment_status":"closed","ping_status":"closed","template":"","meta":[],"_links":{"self":[{"href":"https:\/\/www.larimaquoi.fr\/index.php\/wp-json\/wp\/v2\/pages\/15"}],"collection":[{"href":"https:\/\/www.larimaquoi.fr\/index.php\/wp-json\/wp\/v2\/pages"}],"about":[{"href":"https:\/\/www.larimaquoi.fr\/index.php\/wp-json\/wp\/v2\/types\/page"}],"author":[{"embeddable":true,"href":"https:\/\/www.larimaquoi.fr\/index.php\/wp-json\/wp\/v2\/users\/1"}],"replies":[{"embeddable":true,"href":"https:\/\/www.larimaquoi.fr\/index.php\/wp-json\/wp\/v2\/comments?post=15"}],"version-history":[{"count":27,"href":"https:\/\/www.larimaquoi.fr\/index.php\/wp-json\/wp\/v2\/pages\/15\/revisions"}],"predecessor-version":[{"id":348,"href":"https:\/\/www.larimaquoi.fr\/index.php\/wp-json\/wp\/v2\/pages\/15\/revisions\/348"}],"wp:featuredmedia":[{"embeddable":true,"href":"https:\/\/www.larimaquoi.fr\/index.php\/wp-json\/wp\/v2\/media\/16"}],"wp:attachment":[{"href":"https:\/\/www.larimaquoi.fr\/index.php\/wp-json\/wp\/v2\/media?parent=15"}],"curies":[{"name":"wp","href":"https:\/\/api.w.org\/{rel}","templated":true}]}}