{"id":81,"date":"2016-04-09T22:17:38","date_gmt":"2016-04-09T21:17:38","guid":{"rendered":"http:\/\/www.larimaquoi.fr\/?page_id=81"},"modified":"2024-02-01T16:40:21","modified_gmt":"2024-02-01T15:40:21","slug":"lectures-disponibles","status":"publish","type":"page","link":"https:\/\/www.larimaquoi.fr\/index.php\/lectures-disponibles\/","title":{"rendered":"Lectures disponibles"},"content":{"rendered":"<p><span style=\"color: #000000;\">Larimaquoi, association loi 1901 est domicili\u00e9e \u00e0 H\u00e9rouville-St-Clair, dans le Calvados.<\/span><\/p>\n<p><span style=\"color: #000000;\">Les projets sont divers et peuvent soit r\u00e9pondre \u00e0 des demandes ext\u00e9rieures (\u00e9tablissements scolaires, associations, biblioth\u00e8ques &#8230;) soit \u00e9maner de l&rsquo;association Larimaquoi elle-m\u00eame. Ainsi, nous \u00a0organisons r\u00e9guli\u00e8rement, une rencontre avec d&rsquo;autres groupes de liseurs (cf onglet biennale). De fa\u00e7on g\u00e9n\u00e9rale, nos lectures s&rsquo;adressent \u00e0 un large public.\u00a0<\/span><\/p>\n<p><span style=\"color: #000000;\">Pour les lectures r\u00e9pondant \u00e0 des demandes d&rsquo;organismes, nous sollicitons une adh\u00e9sion annuelle de 50\u20ac.<\/span><\/p>\n<p><span style=\"color: #000000;\">Nous disposons d&rsquo;un certain nombre de lectures \u00ab\u00a0pr\u00eates\u00a0\u00bb et pouvant \u00e9ventuellement \u00eatre re-donn\u00e9es sur demande. Il suffit de nous contacter un peu \u00e0 l&rsquo;avance afin de pr\u00e9voir l&rsquo;organisation (date, local&#8230;)\u00a0<\/span><\/p>\n<p><span style=\"color: #008000;\">Larimaquoi\u00a0 \u00a048 rue de Bouvines \u00a0\u00a014200 HEROUVILLE ST CLAIR \u00a0 Tel 02 50 28 01 42<br \/>\nPr\u00e9sidence : C. MOTEL<\/span><\/p>\n<h2><strong><span style=\"color: #333399;\">Actuellement, les lectures pouvant \u00eatre reprises sont :\u00a0<\/span><\/strong><\/h2>\n<p><span style=\"color: #ff0000;\">\u00abl&rsquo;EMBRASEMENT\u00bb <\/span>lecture \u00e0 partir de recueil de t\u00e9moignages sur la SMN, pour f\u00eater en 2023 la fermeture de cette grande usine. \u00a07 liseurs, 1 trompettiste,\u00a0 1 heure. Espace de 3 sur 4 ou 5 m\u00e8tres<\/p>\n<p>Lecture sur le th\u00e8me de <span style=\"color: #ff0000;\">la musique et la lutherie : \u00ab\u00a0Cordes et Archets\u00a0\u00bb.<\/span>\u00a07 liseurs et 2 musiciens\u00a0 Espace de 3 m sur 5 m\u00e8tres, 55 mn<\/p>\n<p>Lecture sur le th\u00e8me de<span style=\"color: #ff0000;\"> la f\u00eate <\/span>: 5 liseurs et une pianiste (avec son piano), 40 mn<\/p>\n<p>Vous pouvez \u00e9galement regarder l&rsquo;onglet<span style=\"color: #008000;\"> \u00ab\u00a0historique des lectures\u00a0\u00bb<\/span> et nous interpeller pour la reprise d&rsquo;une d&rsquo;entre elles. Nous verrons si cela est encore r\u00e9alisable.<\/p>\n<h3 style=\"text-align: center;\">Si vous avez un projet avec un th\u00e8me, nous \u00a0pouvons \u00e9galement en discuter.<\/h3>\n","protected":false},"excerpt":{"rendered":"<p>Larimaquoi, association loi 1901 est domicili\u00e9e \u00e0 H\u00e9rouville-St-Clair, dans le Calvados. Les projets sont divers et peuvent soit r\u00e9pondre \u00e0 des demandes ext\u00e9rieures (\u00e9tablissements scolaires, associations, biblioth\u00e8ques &#8230;) soit \u00e9maner de l&rsquo;association Larimaquoi elle-m\u00eame. Ainsi, nous \u00a0organisons r\u00e9guli\u00e8rement, une rencontre &hellip; <a href=\"https:\/\/www.larimaquoi.fr\/index.php\/lectures-disponibles\/\">Continuer la lecture <span class=\"meta-nav\">&rarr;<\/span><\/a><\/p>\n","protected":false},"author":1,"featured_media":0,"parent":0,"menu_order":0,"comment_status":"closed","ping_status":"closed","template":"","meta":[],"_links":{"self":[{"href":"https:\/\/www.larimaquoi.fr\/index.php\/wp-json\/wp\/v2\/pages\/81"}],"collection":[{"href":"https:\/\/www.larimaquoi.fr\/index.php\/wp-json\/wp\/v2\/pages"}],"about":[{"href":"https:\/\/www.larimaquoi.fr\/index.php\/wp-json\/wp\/v2\/types\/page"}],"author":[{"embeddable":true,"href":"https:\/\/www.larimaquoi.fr\/index.php\/wp-json\/wp\/v2\/users\/1"}],"replies":[{"embeddable":true,"href":"https:\/\/www.larimaquoi.fr\/index.php\/wp-json\/wp\/v2\/comments?post=81"}],"version-history":[{"count":15,"href":"https:\/\/www.larimaquoi.fr\/index.php\/wp-json\/wp\/v2\/pages\/81\/revisions"}],"predecessor-version":[{"id":347,"href":"https:\/\/www.larimaquoi.fr\/index.php\/wp-json\/wp\/v2\/pages\/81\/revisions\/347"}],"wp:attachment":[{"href":"https:\/\/www.larimaquoi.fr\/index.php\/wp-json\/wp\/v2\/media?parent=81"}],"curies":[{"name":"wp","href":"https:\/\/api.w.org\/{rel}","templated":true}]}}